{"id":21,"date":"2023-03-15T16:52:12","date_gmt":"2023-03-15T15:52:12","guid":{"rendered":"https:\/\/www.zitherclub-ffb.de\/1Wordpress\/?page_id=21"},"modified":"2025-10-20T19:57:40","modified_gmt":"2025-10-20T17:57:40","slug":"impressum","status":"publish","type":"page","link":"https:\/\/www.zitherclub-ffb.de\/index.php\/impressum\/","title":{"rendered":"Impressum"},"content":{"rendered":"\n<h2 class=\"wp-block-heading\">Angaben gem\u00e4\u00df \u00a7 5 TMG:<\/h2>\n\n\n\n<p>Frohsinn e. V.<br>Schillerstr. 30<br>82256 F\u00fcrstenfeldbruck<\/p>\n\n\n\n<h2 class=\"wp-block-heading\">Vertreten durch:<\/h2>\n\n\n\n<p>1. Vorstand Petra Oswald<\/p>\n\n\n\n<h2 class=\"wp-block-heading\">Kontakt:<\/h2>\n\n\n\n<p>Telefon:&nbsp;&nbsp; &nbsp;08141-517640<br>E-Mail:&nbsp;&nbsp; &nbsp;<a href=\"mailto:bock.mm@gmx.de\">bock.mm@gmx.de<\/a><\/p>\n\n\n\n<p>Umsatzsteuer-Identifikationsnummer gem\u00e4\u00df \u00a727 a Umsatzsteuergesetz:<br>117 \/ 111 \/ 70040<\/p>\n\n\n\n<h2 class=\"wp-block-heading\">Verantwortlich f\u00fcr den Inhalt nach \u00a7 55 Abs. 2 RStV:<\/h2>\n\n\n\n<p>Startseite + Bildergalerie:<br>Irene Thaum\u00fcller<br>Erich-Hubmann-Str. 4a<br>85221 Dachau<br>E-Mail: <a href=\"mailto:irene31081976@web.de\">irene31081976@web.de<\/a><br><br>restliche Inhalte:<br>Michaela Bock<br>Willy-Buchauer-Ring 47<br>82256 F\u00fcrstenfeldbruck<br>Tel.: 08141 &#8211; 517 640<br>E-Mail: <a href=\"mailto:bock.mm@gmx.de\">bock.mm@gmx.de<\/a><br><br><strong>Haftung f\u00fcr Inhalte<\/strong><br>Als Diensteanbieter sind wir gem\u00e4\u00df \u00a7 7 Abs.1 TMG f\u00fcr eigene Inhalte auf diesen Seiten nach den<br>allgemeinen Gesetzen verantwortlich. Nach \u00a7\u00a7 8 bis 10 TMG sind wir als Diensteanbieter jedoch nicht<br>verpflichtet, \u00fcbermittelte oder gespeicherte fremde Informationen zu \u00fcberwachen oder nach Umst\u00e4nden<br>zu forschen, die auf eine rechtswidrige T\u00e4tigkeit hinweisen.<br><br>Verpflichtungen zur Entfernung oder Sperrung der Nutzung von Informationen nach den allgemeinen<br>Gesetzen bleiben hiervon unber\u00fchrt. Eine diesbez\u00fcgliche Haftung ist jedoch erst ab dem Zeitpunkt der<br>Kenntnis einer konkreten Rechtsverletzung m\u00f6glich. Bei Bekanntwerden von entsprechenden<br>Rechtsverletzungen werden wir diese Inhalte umgehend entfernen.<br><br><strong>Haftung f\u00fcr Links<\/strong><br>Unser Angebot enth\u00e4lt Links zu externen Websites Dritter, auf deren Inhalte wir keinen Einfluss haben.<br>Deshalb k\u00f6nnen wir f\u00fcr diese fremden Inhalte auch keine Gew\u00e4hr \u00fcbernehmen. F\u00fcr die Inhalte der<br>verlinkten Seiten ist stets der jeweilige Anbieter oder Betreiber der Seiten verantwortlich. Die verlinkten<br>Seiten wurden zum Zeitpunkt der Verlinkung auf m\u00f6gliche Rechtsverst\u00f6\u00dfe \u00fcberpr\u00fcft. Rechtswidrige<br>Inhalte waren zum Zeitpunkt der Verlinkung nicht erkennbar.<br><br>Eine permanente inhaltliche Kontrolle der verlinkten Seiten ist jedoch ohne konkrete Anhaltspunkte einer<br>Rechtsverletzung nicht zumutbar. Bei Bekanntwerden von Rechtsverletzungen werden wir derartige Links<br>umgehend entfernen.<br><br><strong>Urheberrecht<\/strong><br>Die durch die Seitenbetreiber erstellten Inhalte und Werke auf diesen Seiten unterliegen dem deutschen<br>Urheberrecht. Die Vervielf\u00e4ltigung, Bearbeitung, Verbreitung und jede Art der Verwertung au\u00dferhalb der<br>Grenzen des Urheberrechtes bed\u00fcrfen der schriftlichen Zustimmung des jeweiligen Autors bzw.<br>Erstellers. Downloads und Kopien dieser Seite sind nur f\u00fcr den privaten, nicht kommerziellen Gebrauch<br>gestattet.<br><br>Soweit die Inhalte auf dieser Seite nicht vom Betreiber erstellt wurden, werden die Urheberrechte Dritter<br>beachtet. Insbesondere werden Inhalte Dritter als solche gekennzeichnet. Sollten Sie trotzdem auf eine<br>Urheberrechtsverletzung aufmerksam werden, bitten wir um einen entsprechenden Hinweis. Bei<br>Bekanntwerden von Rechtsverletzungen werden wir derartige Inhalte umgehend entfernen.<\/p>\n\n\n\n<p><br><em>Quelle: eRecht24\/ Stand: Mai 2018<\/em><\/p>\n","protected":false},"excerpt":{"rendered":"<p>Angaben gem\u00e4\u00df \u00a7 5 TMG: Frohsinn e. V.Schillerstr. 3082256 F\u00fcrstenfeldbruck Vertreten durch: 1. Vorstand Petra Oswald Kontakt: Telefon:&nbsp;&nbsp; &nbsp;08141-517640E-Mail:&nbsp;&nbsp; &nbsp;bock.mm@gmx.de Umsatzsteuer-Identifikationsnummer gem\u00e4\u00df \u00a727 a Umsatzsteuergesetz:117 \/ 111 \/ 70040 Verantwortlich f\u00fcr den Inhalt nach \u00a7 55 Abs. 2 RStV: Startseite + Bildergalerie:Irene Thaum\u00fcllerErich-Hubmann-Str. 4a85221 DachauE-Mail: irene31081976@web.de restliche Inhalte:Michaela BockWilly-Buchauer-Ring 4782256&#8230; <a class=\"continue-reading-link\" href=\"https:\/\/www.zitherclub-ffb.de\/index.php\/impressum\/\">Weiterlesen &#8230; <span class=\"meta-nav\">&rarr; <\/span><\/a><\/p>\n","protected":false},"author":1,"featured_media":0,"parent":0,"menu_order":0,"comment_status":"closed","ping_status":"closed","template":"","meta":{"pgc_sgb_lightbox_settings":"","footnotes":""},"class_list":["post-21","page","type-page","status-publish","hentry"],"_links":{"self":[{"href":"https:\/\/www.zitherclub-ffb.de\/index.php\/wp-json\/wp\/v2\/pages\/21","targetHints":{"allow":["GET"]}}],"collection":[{"href":"https:\/\/www.zitherclub-ffb.de\/index.php\/wp-json\/wp\/v2\/pages"}],"about":[{"href":"https:\/\/www.zitherclub-ffb.de\/index.php\/wp-json\/wp\/v2\/types\/page"}],"author":[{"embeddable":true,"href":"https:\/\/www.zitherclub-ffb.de\/index.php\/wp-json\/wp\/v2\/users\/1"}],"replies":[{"embeddable":true,"href":"https:\/\/www.zitherclub-ffb.de\/index.php\/wp-json\/wp\/v2\/comments?post=21"}],"version-history":[{"count":4,"href":"https:\/\/www.zitherclub-ffb.de\/index.php\/wp-json\/wp\/v2\/pages\/21\/revisions"}],"predecessor-version":[{"id":354,"href":"https:\/\/www.zitherclub-ffb.de\/index.php\/wp-json\/wp\/v2\/pages\/21\/revisions\/354"}],"wp:attachment":[{"href":"https:\/\/www.zitherclub-ffb.de\/index.php\/wp-json\/wp\/v2\/media?parent=21"}],"curies":[{"name":"wp","href":"https:\/\/api.w.org\/{rel}","templated":true}]}}